 of k and 154?
14
Suppose -424*i = -422*i - 328. Calculate the highest common factor of 738 and i.
82
Suppose -k + 175 = 2*h - 5, -2*k - 3*h = -365. Let v = -69 + k. Calculate the highest common factor of v and 11.
11
Suppose 13*g - 599 = 10*g + 5*q, 391 = 2*g + 5*q. Calculate the greatest common divisor of g and 2178.
198
Suppose 0 = 4*b - i - 39, -5*i - 2 - 3 = -b. Suppose 4*s = -14 + 26. Suppose 151 - 1 = s*w. What is the greatest common divisor of w and b?
10
Suppose 26*g + 75*g - 17*g = 27972. Let y = 33 + -15. What is the highest common factor of g and y?
9
Let h = -108 - -307. Let y = 223 - h. What is the greatest common factor of 60 and y?
12
Let l(z) = -8*z**3 - z**2 + 1. Let q be l(-1). Suppose 21 = 4*y - 5*g, y - 3*g = g + q. What is the greatest common factor of 2 and y?
2
Let c(w) = -196*w - 131. Let s be c(-1). What is the greatest common factor of 5785 and s?
65
Let j be (-9)/(-171) + (-1325)/(-95). Calculate the greatest common divisor of 2506 and j.
14
Let w(y) = -y - 1. Let l be w(-6). Suppose -3*g + 1375 = l*o, 7*o = 6*o + 2*g + 262. What is the greatest common factor of o and 17?
17
Let l = -3967 - -4562. Calculate the highest common factor of 560 and l.
35
Suppose u - g - 38 = 0, 121 = -3*u + 6*u + 4*g. Suppose a - 10 = -5*j, 4 = -4*j - 5*a - 9. What is the highest common factor of u and j?
3
Let y be 1*(-5)/30 - 1606/12. Let d = y + 206. Calculate the highest common divisor of 9 and d.
9
Let o be -2*1/(-4)*(2 - -10). Let z be (-35)/15 + 3 - (-266)/o. Let q be 0 - -1 - (11 + -8 - 20). Calculate the highest common factor of q and z.
9
Let y = 885 - 841. What is the highest common divisor of y and 242?
22
Let k(h) = h**3 - 11*h**2 + 44*h - 5. Suppose -v = 5*y - 33, 2*y - 24 = -y - 2*v. Let r be k(y). What is the highest common factor of 395 and r?
79
Suppose -5*p = -3*p, -4*t = p - 96. Suppose t*o = 14*o + 600. What is the greatest common factor of o and 480?
60
Let i(k) = -k**2 + 12*k - 25. Let h be i(17). Let n be 3 - (h - (-3 + 2)). What is the highest common divisor of 7 and n?
7
Let h = 46949 + -42990. What is the greatest common divisor of 629 and h?
37
Let w(p) = 232*p + 1. Suppose 3 = l - z + 1, -2*l + 5*z = -4. Let o be w(l). What is the greatest common divisor of 15 and o?
15
Let n = -49 - -70. Let c be n/(-14)*24/(-9). Suppose -3*u - c*y - 15 + 40 = 0, 0 = 2*u - 5*y - 55. What is the highest common divisor of 30 and u?
15
Let x = -5479 - -12746. Calculate the greatest common divisor of x and 13.
13
Let v be (-12)/(-4) - (-8)/(-2). Let j be (v + -5)*(35/21 - 0). Let x be (-4)/(-10) - 646/j. Calculate the greatest common divisor of 26 and x.
13
Suppose 3*q - 6*v = -2*v - 4, -4*v = 3*q - 4. Let p be 4 - (-4 - -3) - q. Let z be (p/(-20)*-10)/((-2)/(-4)). Calculate the greatest common factor of z and 2.
1
Let n be ((-2600)/(-1560))/((-1)/(-33)). What is the highest common divisor of n and 34705?
55
Let d(g) = -2*g + 47. Suppose -5*k + 3 + 87 = 0. Let w be d(k). What is the highest common factor of 176 and w?
11
Let t(h) be the second derivative of 13*h**4/12 + 2*h**3/3 + 3*h**2/2 - 14*h. Let v be t(-3). Let m = -83 + 95. What is the highest common divisor of m and v?
12
Let t(n) = 32*n**2 + 145*n - 186. Let m be t(5). Calculate the highest common factor of 806 and m.
13
Let i = -263 + 281. Suppose 30 = -12*v + i*v. What is the highest common divisor of v and 95?
5
Suppose 480*n - 315457 = 698303. Calculate the highest common divisor of 72 and n.
24
Let j be (-5)/(-3) + (371/42)/(4/40). Let t(q) = 2*q**2 + 2*q - 6. Let r be t(5). What is the greatest common divisor of r and j?
18
Suppose 11*q - 152*q = -43428. Let b(a) = -5*a**3 - 2*a**2 + a - 2. Let i be b(-2). Suppose i = k - 0*k. What is the highest common factor of q and k?
28
Let x(o) = -8*o**2 + o + 4. Let f be x(4). Let i = f + 185. Suppose 4*y + 47*k - 69*k + 218 = 0, -2*y + 5*k = 7. Calculate the highest common factor of i and y.
13
Let g be (-2 - 0) + (2 - -9). Let v = g + 0. Suppose -3*c + 30 = -3*f + 303, 3*c + 192 = 2*f. Calculate the greatest common divisor of f and v.
9
Suppose 3*p = -4*c + 8, -5*c - 9*p + 10 = -4*p. Suppose -21 + 1 = -c*v. Suppose 4*z - 7 + 19 = 0, 5*z = -q + 5. Calculate the greatest common factor of q and v.
10
Suppose r + 4*u - 2156 = 0, 74*u + 10726 = 5*r + 76*u. Calculate the highest common divisor of 67 and r.
67
Let u = 33685 + -33623. Calculate the greatest common factor of 32302 and u.
62
Let u be 38/((-1976)/(-209638)) - (1 + 1/(-2)). Calculate the highest common factor of 417 and u.
139
Suppose -875 = -8*a + a. Suppose -8 + 3 = -m, -5*k + 515 = 3*m. What is the greatest common factor of a and k?
25
Suppose -36 = 7685*n - 7721*n. Let p be ((-24)/20)/((-6)/20). What is the greatest common divisor of n and p?
1
Let c = -2580 + 2644. What is the highest common divisor of c and 1312?
32
Suppose 27448*l + 1536 = 27452*l. Calculate the greatest common divisor of 512 and l.
128
Let m(w) = 3*w**2 + 46*w - 648. Let a be m(-28). What is the highest common factor of 96 and a?
32
Suppose f + 5*d = 3*f - 19, 5*f - d = 13. Suppose 30*n = 31*n - f. Calculate the greatest common divisor of n and 1.
1
Let x(c) = c**2 - 6*c + 1. Let z = -25 - -38. Suppose 0 = -10*u + z*u - 21. Let b be x(u). Calculate the highest common divisor of 32 and b.
8
Let s = -17377 + 17439. Calculate the highest common factor of s and 3348.
62
Let g be (-1)/3 - (-867)/9. Suppose 0 = -20*w + 18*w + g. Let o = 497 - 377. Calculate the greatest common divisor of w and o.
24
Let c(l) = l**3 - 44*l**2 + 61*l + 172. Let p be c(43). Calculate the greatest common factor of 22 and p.
22
Suppose 0 = 9*z - 499 + 13. Let m be ((-15)/10)/((-3)/22). Let r(d) = d**3 - 11*d**2 + 8*d - 7. Let w be r(m). What is the greatest common factor of w and z?
27
Let b(l) = -l**3 + 73*l**2 - 124*l - 1170. Let q be b(71). Suppose -y - 216 = -5*j - 4*y, 0 = -3*j - 4*y + 123. Calculate the greatest common factor of q and j.
9
Let j = -81 - -131. Suppose -6*k + 4 + j = 0. Let m be (-864)/16*((-4)/6)/2. Calculate the greatest common divisor of k and m.
9
Suppose -5*a - 4*g = -0*a - 66, -6 = a - 4*g. Let n(y) = 4*y - 28. Let x be n(7). Suppose 18*t - 22*t + 60 = x. What is the greatest common factor of t and a?
5
Suppose 27*c - 4*c = 82 + 953. Calculate the greatest common factor of c and 10020.
15
Suppose 5*n + h - 85 = 0, 58 = 4*n - 3*h + 9. Let k(i) = 234*i**2 + 13*i - 15. Let p be k(1). Calculate the highest common factor of n and p.
8
Let y(g) = 2*g**3 + 17*g**2 + 6*g + 9. Let p be y(-6). What is the greatest common factor of 9 and p?
9
Suppose -3*g - 2*q = -198, -56*g + 53*g = 5*q - 180. Suppose 2*a + 3*a - f = 4904, 5*a + 3*f - 4888 = 0. Calculate the greatest common divisor of a and g.
70
Let k be (-3 - -2)/((-2)/14). Suppose 77*y = 82*y + 1115. Let n = -216 - y. What is the highest common divisor of n and k?
7
Let a = 3277 + -3359. Suppose -2*t - 6 = -16, -480 = -5*p - 5*t. Let y = p + a. What is the greatest common factor of 18 and y?
9
Let a = -213 - -206. Let j be 1*11 + (-8 - a) + 5. Let u(o) = 10*o. Let f be u(1). What is the highest common divisor of j and f?
5
Suppose 13*w - 1906 = -424. Calculate the greatest common divisor of 30 and w.
6
Let f(j) = 1117*j - 565. Let v be f(1). What is the highest common divisor of 14628 and v?
276
Let o(j) = -j**3 - j**2 - j + 3. Let r = -12 + 7. Let i be o(r). Let w be 370/30 - 6/(-36)*-2. Calculate the greatest common factor of w and i.
12
Let g(n) = n**3 + 8*n**2 + 7*n + 20. Let c be g(-7). Let p be 30/(-2)*c/25. Let m be (220/(-75) - 2/5)*p. What is the highest common divisor of m and 100?
20
Let k = -107 - -70. Let z = k + -1545. Let l be z/(-9) - (-4 + 204/54). What is the greatest common factor of 16 and l?
16
Suppose -4*s = -5*s - 4*u + 76, -u - 91 = -s. Suppose 2*n + 226 = x, 0 = -x - 7*n + 2*n + 205. What is the greatest common divisor of x and s?
44
Let u be -1*((4 - 2) + -105). Suppose 4*w = -8, -w = -5*b - 2*w + u. Let m = -439 - -502. What is the greatest common factor of b and m?
21
Suppose 1514 = 16*t + 282. Let f = t + -76. What is the greatest common factor of f and 4?
1
Let j be -3808*(-6)/(3 - -3). Let h be (12/14)/(8/j). What is the greatest common factor of h and 17?
17
Suppose 5*l = 114*o - 109*o - 270, l = 3*o - 158. What i